est common factor of 105 and 120?
15
Calculate the greatest common factor of 2425 and 100.
25
Calculate the highest common divisor of 680 and 104.
8
Calculate the greatest common factor of 567 and 243.
81
Calculate the highest common divisor of 165 and 363.
33
Calculate the highest common divisor of 2 and 1.
1
Calculate the greatest common divisor of 28 and 3689.
7
What is the greatest common divisor of 216 and 56?
8
Calculate the greatest common factor of 200 and 14250.
50
Calculate the greatest common factor of 55 and 65.
5
Calculate the greatest common factor of 205 and 5043.
41
Calculate the greatest common factor of 4 and 5812.
4
Calculate the highest common factor of 78 and 30784.
26
Calculate the greatest common factor of 32 and 2.
2
Calculate the greatest common factor of 6 and 3018.
6
What is the greatest common divisor of 39 and 2275?
13
Calculate the highest common divisor of 18 and 1773.
9
Calculate the highest common divisor of 135 and 35.
5
What is the greatest common divisor of 1037 and 17?
17
What is the greatest common factor of 92 and 161?
23
What is the greatest common factor of 1776 and 36?
12
What is the highest common divisor of 15 and 8820?
15
Calculate the greatest common factor of 20 and 110300.
20
What is the highest common divisor of 680 and 80?
40
What is the highest common divisor of 20 and 972?
4
What is the greatest common divisor of 222 and 12?
6
Calculate the greatest common factor of 144 and 240.
48
Calculate the highest common factor of 1846 and 26.
26
What is the greatest common factor of 51 and 119?
17
Calculate the greatest common factor of 2134 and 22.
22
What is the highest common factor of 12 and 138?
6
Calculate the highest common divisor of 4 and 5164.
4
What is the greatest common divisor of 44 and 4444?
44
What is the greatest common factor of 4308 and 12?
12
Calculate the greatest common factor of 1 and 1985.
1
Calculate the highest common factor of 6 and 357.
3
What is the greatest common divisor of 207 and 3168?
9
Calculate the greatest common divisor of 130 and 455.
65
Calculate the highest common divisor of 95 and 247.
19
Calculate the highest common factor of 152 and 7448.
152
Calculate the highest common factor of 2 and 506.
2
Calculate the greatest common divisor of 138 and 483.
69
What is the greatest common factor of 10919 and 537?
179
Calculate the highest common factor of 225 and 165.
15
What is the greatest common divisor of 126 and 8442?
126
What is the highest common factor of 61 and 23363?
61
What is the highest common factor of 1159 and 19?
19
Calculate the highest common factor of 961 and 31.
31
What is the highest common divisor of 350 and 42?
14
What is the greatest common factor of 28 and 1352?
4
Calculate the highest common divisor of 83 and 2.
1
What is the highest common divisor of 26 and 403?
13
Calculate the highest common divisor of 45 and 612.
9
What is the highest common factor of 483 and 6923?
161
Calculate the greatest common factor of 6 and 20.
2
What is the greatest common divisor of 13122 and 54?
54
Calculate the greatest common factor of 4300 and 425.
25
Calculate the highest common divisor of 165 and 1410.
15
What is the greatest common divisor of 8 and 5?
1
What is the greatest common divisor of 765 and 45?
45
What is the highest common factor of 78 and 1248?
78
What is the greatest common divisor of 604 and 68?
4
What is the highest common factor of 10864 and 291?
97
What is the highest common divisor of 737 and 134?
67
Calculate the highest common factor of 1292 and 51.
17
Calculate the highest common divisor of 25 and 6950.
25
What is the greatest common factor of 867 and 3?
3
What is the highest common factor of 175 and 2863?
7
What is the greatest common factor of 40 and 580?
20
What is the highest common factor of 9 and 21?
3
What is the highest common divisor of 52 and 12?
4
Calculate the greatest common factor of 176 and 11.
11
What is the greatest common divisor of 149 and 5811?
149
What is the greatest common factor of 78 and 117?
39
Calculate the highest common divisor of 425 and 35.
5
What is the greatest common factor of 32 and 6224?
16
What is the greatest common divisor of 77 and 44?
11
What is the greatest common divisor of 55596 and 12?
12
Calculate the greatest common divisor of 40 and 2020.
20
Calculate the highest common divisor of 29 and 377.
29
Calculate the highest common factor of 744 and 24.
24
Calculate the greatest common factor of 407 and 74.
37
What is the greatest common factor of 1840 and 115?
115
Calculate the greatest common divisor of 52224 and 102.
102
Calculate the greatest common divisor of 36 and 468.
36
What is the highest common factor of 26629 and 93?
31
Calculate the greatest common divisor of 2 and 122.
2
What is the greatest common divisor of 41 and 10783?
41
What is the greatest common factor of 125 and 25?
25
What is the greatest common divisor of 759 and 1587?
69
What is the highest common factor of 238 and 28?
14
Calculate the greatest common factor of 728 and 70.
14
What is the greatest common divisor of 436 and 3379?
109
Calculate the highest common factor of 90 and 54.
18
Calculate the highest common factor of 88 and 44.
44
Calculate the greatest common divisor of 3038 and 931.
49
What is the greatest common factor of 1224 and 72?
72
What is the highest common factor of 240 and 15?
15
What is the highest common divisor of 1 and 1902?
1
What is the highest common divisor of 23016 and 168?
168
Calculate the greatest common factor of 2093 and 1456.
91
What is the greatest common divisor of 2898 and 13202?
322
What is the highest common factor of 348 and 19053?
87
Calculate the greatest common divisor of 816 and 48.
48
Calculate the greatest common divisor of 14036 and 116.
116
Calculate the greatest common divisor of 1027 and 26.
13
What is the highest common divisor of 11648 and 56?
56
Calculate the greatest common divisor of 40 and 13120.
40
What is the greatest common divisor of 49 and 175?
7
What is the greatest common divisor of 195 and 15?
15
What is the highest common divisor of 1799 and 49?
7
What is the highest common divisor of 154 and 28?
14
What is the greatest common factor of 2667 and 63?
21
Calculate the highest common divisor of 195 and 75.
15
What is the greatest common divisor of 77 and 21?
7
Calculate the greatest common divisor of 21186 and 66.
66
Calculate the highest common divisor of 6 and 96.
6
Calculate the greatest common factor of 306 and 374.
34
What is the greatest common divisor of 3078 and 38?
38
What is the highest common factor of 410 and 656?
82
What is the greatest common divisor of 2488 and 24?
8
Calculate the greatest common divisor of 26 and 338.
26
What is the highest common factor of 162 and 6?
6
Calculate the highest common factor of 64 and 704.
64
Calculate the highest common divisor of 13 and 2041.
13
What is the highest common factor of 175 and 140?
35
What is the highest common divisor of 22 and 1298?
22
Calculate the greatest common divisor of 248 and 217.
31
What is the greatest common divisor of 5773 and 753?
251
What is the greatest common divisor of 2 and 1772?
2
Calculate the greatest common divisor of 1725 and 300.
75
What is the highest common factor of 135 and 243?
27
Calculate the greatest common factor of 722 and 3971.
361
What is the greatest common factor of 5777 and 1853?
109
Calculate the highest common divisor of 36 and 150.
6
What is the greatest common factor of 1 and 31?
1
Calculate the highest common factor of 520 and 40.
40
What is the greatest common factor of 125 and 140?
5
Calculate the greatest common factor of 68 and 612.
68
Calculate the highest common factor of 1767 and 114.
57
What is the greatest common divisor of 14100 and 20?
20
Calculate the greatest common divisor of 437 and 115.
23
Calculate the greatest common factor of 48 and 24.
24
Calculate the highest common factor of 411 and 5480.
137
What is the highest common divisor of 799 and 47?
47
Calculate the greatest common factor of 240 and 100.
20
What is the highest common divisor of 2601 and 34?
17
What is the greatest common divisor of 71 and 1?
1
Calculate the greatest common divisor of 297 and 81.
27
Calculate the highest common factor of 91 and 13.
13
What is the highest commo